1601
What are the prime factors of 5722?
2, 2861
List the prime factors of 146625.
3, 5, 17, 23
What are the prime factors of 1607?
1607
List the prime factors of 10621.
13, 19, 43
List the prime factors of 1197.
3, 7, 19
List the prime factors of 83.
83
List the prime factors of 67527.
3, 41, 61
List the prime factors of 1772.
2, 443
List the prime factors of 99.
3, 11
List the prime factors of 560.
2, 5, 7
List the prime factors of 644.
2, 7, 23
List the prime factors of 1721.
1721
List the prime factors of 767.
13, 59
List the prime factors of 3556.
2, 7, 127
List the prime factors of 25825.
5, 1033
List the prime factors of 12037.
12037
What are the prime factors of 184?
2, 23
List the prime factors of 13706.
2, 7, 11, 89
List the prime factors of 13.
13
List the prime factors of 19468.
2, 31, 157
What are the prime factors of 19937?
19937
List the prime factors of 88417.
7, 17, 743
List the prime factors of 96478.
2, 48239
What are the prime factors of 512?
2
List the prime factors of 794.
2, 397
List the prime factors of 24127.
23, 1049
List the prime factors of 42160.
2, 5, 17, 31
List the prime factors of 25.
5
List the prime factors of 4685.
5, 937
What are the prime factors of 50150?
2, 5, 17, 59
What are the prime factors of 31333?
31333
List the prime factors of 958.
2, 479
List the prime factors of 27381.
3, 9127
List the prime factors of 6907.
6907
List the prime factors of 34761.
3, 11587
What are the prime factors of 1865?
5, 373
List the prime factors of 225.
3, 5
List the prime factors of 454.
2, 227
What are the prime factors of 1382?
2, 691
What are the prime factors of 16111?
16111
List the prime factors of 377.
13, 29
List the prime factors of 438.
2, 3, 73
What are the prime factors of 8620?
2, 5, 431
What are the prime factors of 724?
2, 181
List the prime factors of 97698.
2, 3, 19, 857
What are the prime factors of 18943?
19, 997
What are the prime factors of 863?
863
List the prime factors of 22600.
2, 5, 113
List the prime factors of 463.
463
List the prime factors of 149088.
2, 3, 1553
List the prime factors of 341.
11, 31
What are the prime factors of 2069?
2069
List the prime factors of 608.
2, 19
List the prime factors of 15977.
13, 1229
List the prime factors of 93311.
23, 4057
What are the prime factors of 27345?
3, 5, 1823
What are the prime factors of 69?
3, 23
What are the prime factors of 3260?
2, 5, 163
List the prime factors of 925.
5, 37
List the prime factors of 269.
269
List the prime factors of 753.
3, 251
List the prime factors of 68608.
2, 67
What are the prime factors of 1603?
7, 229
What are the prime factors of 21256?
2, 2657
What are the prime factors of 6846?
2, 3, 7, 163
List the prime factors of 25335.
3, 5, 563
List the prime factors of 86950.
2, 5, 37, 47
List the prime factors of 690.
2, 3, 5, 23
What are the prime factors of 4230?
2, 3, 5, 47
List the prime factors of 32297.
32297
What are the prime factors of 10253?
10253
List the prime factors of 944.
2, 59
What are the prime factors of 5608?
2, 701
What are the prime factors of 10282?
2, 53, 97
List the prime factors of 2431.
11, 13, 17
What are the prime factors of 10101?
3, 7, 13, 37
What are the prime factors of 158179?
7, 59, 383
List the prime factors of 3442.
2, 1721
What are the prime factors of 314?
2, 157
List the prime factors of 562.
2, 281
What are the prime factors of 15102?
2, 3, 839
List the prime factors of 5626.
2, 29, 97
List the prime factors of 508.
2, 127
What are the prime factors of 19925?
5, 797
What are the prime factors of 484?
2, 11
What are the prime factors of 276?
2, 3, 23
List the prime factors of 284.
2, 71
What are the prime factors of 135181?
135181
List the prime factors of 487.
487
List the prime factors of 605.
5, 11
List the prime factors of 757.
757
List the prime factors of 6053.
6053
List the prime factors of 19876.
2, 4969
What are the prime factors of 55?
5, 11
What are the prime factors of 225?
3, 5
List the prime factors of 10094.
2, 7, 103
List the prime factors of 18613.
7, 2659
List the prime factors of 9720.
2, 3, 5
What are the prime factors of 1013?
1013
What are the prime factors of 154143?
3, 11, 173
List the prime factors of 497.
7, 71
List the prime factors of 3144.
2, 3, 131
What are the prime factors of 849?
3, 283
What are the prime factors of 12250?
2, 5, 7
What are the prime factors of 2575?
5, 103
What are the prime factors of 788?
2, 197
List the prime factors of 117567.
3, 13063
List the prime factors of 6954.
2, 3, 19, 61
What are the prime factors of 143868?
2, 3, 19, 631
What are the prime factors of 1703?
13, 131
List the prime factors of 8143.
17, 479
List the prime factors of 5332.
2, 31, 43
What are the prime factors of 54966?
2, 3, 9161
List the prime factors of 70103.
11, 6373
List the prime factors of 9361.
11, 23, 37
List the prime factors of 62415.
3, 5, 19, 73
What are the prime factors of 36778?
2, 7, 37, 71
What are the prime factors of 62535?
3, 5, 11, 379
What are the prime factors of 15264?
2, 3, 53
What are the prime factors of 562?
2, 281
What are the prime factors of 10166?
2, 13, 17, 23
List the prime factors of 11037.
3, 13, 283
List the prime factors of 3616.
2, 113
What are the prime factors of 52696?
2, 7, 941
List the prime factors of 30418.
2, 67, 227
What are the prime factors of 1250?
2, 5
What are the prime factors of 1026?
2, 3, 19
What are the prime factors of 106148?
2, 7, 17, 223
List the prime factors of 1019.
1019
What are the prime factors of 1817?
23, 79
What are the prime factors of 22112?
2, 691
What are the prime factors of 152704?
2, 1193
List the prime factors of 50530.
2, 5, 31, 163
What are the prime factors of 95025?
3, 5, 7, 181
What are the prime factors of 437?
19, 23
What are the prime factors of 20537?
11, 1867
List the prime factors of 18058.
2, 9029
List the prime factors of 379.
379
What are the prime factors of 113?
113
What are the prime factors of 9225?
3, 5, 41
List the prime factors of 18593.
18593
List the prime factors of 64552.
2, 8069
List the prime factors of 5119.
5119
What are the prime factors of 2348?
2, 587
What are the prime factors of 4686?
2, 3, 11, 71
List the prime factors of 8637.
3, 2879
What are the prime factors of 22313?
53, 421
List the prime factors of 2228.
2, 557
What are the prime factors of 32923?
11, 41, 73
List the prime factors of 160540.
2, 5, 23, 349
List the prime factors of 755.
5, 151
What are the prime factors of 7209?
3, 89
What are the prime factors of 722?
2, 19
List the prime factors of 36647.
13, 2819
What are the prime factors of 30833?
11, 2803
What are the prime factors of 665?
5, 7, 19
List the prime factors of 19720.
2, 5, 17, 29
What are the prime factors of 15867?
3, 41, 43
What are the prime factors of 23778?
2, 3, 1321
What are the prime factors of 780?
2, 3, 5, 13
What are the prime factors of 3837?
3, 1279
List the prime factors of 14248.
2, 13, 137
What are the prime factors of 3051?
3, 113
List the prime factors of 23684.
2, 31, 191
List the prime factors of 1367.
1367
List the prime factors of 1201.
1201
List the prime factors of 358.
2, 179
List the prime factors of 1973.
1973
List the prime factors of 45196.
2, 11299
What are the prime factors of 2268?
2, 3, 7
What are the prime factors of 67451?
37, 1823
List the prime factors of 2620.
2, 5, 131
What are the prime factors of 317?
317
List the prime factors of 1026.
2, 3, 19
List the prime factors of 1315.
5, 263
List the prime factors of 50411.
50411
What are the prime factors of 92372?
2, 7, 3299
What are the prime factors of 32644?
2, 8161
List the prime factors of 1727.
11, 157
List the prime factors of 115873.
115873
List the prime factors of 137285.
5, 27457
What are the prime factors of 445?
5, 89
List the prime factors of 5561.
67, 83
What are the prime factors of 66086?
2, 173, 191
What are the prime factors of 110583?
3, 11, 1117
List the prime factors of 1364.
2, 11, 31
What are the prime factors of 9901?
9901
What are the prime factors of 10742?
2, 41, 131
What are the prime factors of 1575?
3, 5, 7
What are the prime factors of 8539?
8539
List the prime factors of 195.
3, 5, 13
List the prime factors of 1471.
1471
List the prime factors of 27151.
19, 1429
List the prime factors of 22909.
31,